de 6581252?
False
Does 6052 divide 68926228?
True
Is 9 a factor of 67394849?
False
Is 2589340 a multiple of 76?
False
Is 52249128 a multiple of 143?
False
Is 775704326 a multiple of 78?
False
Does 373 divide 316608284?
False
Is 8481074 a multiple of 2727?
False
Does 273 divide 1152265023?
True
Does 2400 divide 38485470?
False
Is 89 a factor of 147828377?
True
Is 78883857 a multiple of 2613?
True
Is 305 a factor of 444450575?
True
Does 71 divide 1855285?
False
Is 576242703 a multiple of 11?
False
Is 299 a factor of 59701951?
False
Is 329845068 a multiple of 2382?
True
Is 750325320 a multiple of 24?
True
Is 92 a factor of 3468254364?
True
Is 14 a factor of 16363289?
False
Is 874349253 a multiple of 2077?
False
Is 65905567 a multiple of 181?
False
Does 41 divide 73520462?
True
Is 216404675 a multiple of 185?
True
Does 129 divide 434284994?
False
Is 14 a factor of 63137480?
True
Does 889 divide 741538782?
False
Is 59 a factor of 80941746?
True
Is 2601928 a multiple of 2?
True
Is 295 a factor of 58492895?
True
Is 101 a factor of 208020610?
True
Is 2546351705 a multiple of 12?
False
Is 18 a factor of 125866476?
True
Is 323757894 a multiple of 246?
True
Does 269 divide 72854962?
False
Is 105528457 a multiple of 32?
False
Is 1946 a factor of 51413320?
True
Does 6 divide 83685471?
False
Is 257 a factor of 142880949?
True
Is 884552820 a multiple of 15?
True
Is 27920794 a multiple of 2?
True
Is 2313366152 a multiple of 33?
False
Is 3993536 a multiple of 23?
True
Is 520 a factor of 104360880?
True
Is 1487 a factor of 24333541?
False
Is 13 a factor of 118180894?
True
Is 4824719908 a multiple of 22?
False
Is 1893 a factor of 750948244?
False
Is 22 a factor of 13845817?
False
Is 64276122 a multiple of 1334?
True
Is 38926272 a multiple of 4?
True
Does 3 divide 14860314?
True
Is 225677558 a multiple of 344?
False
Is 138 a factor of 54426510?
True
Is 257818 a multiple of 11?
True
Is 362 a factor of 145180462?
True
Does 18 divide 75811860?
True
Is 173 a factor of 10991881?
False
Is 39903499 a multiple of 148?
False
Is 372836980 a multiple of 53?
True
Is 332 a factor of 268073400?
True
Does 15 divide 4280235?
True
Is 450734700 a multiple of 282?
True
Does 1718 divide 16958378?
True
Is 4058856300 a multiple of 3902?
False
Does 5466 divide 489420122?
False
Does 89 divide 63993047?
True
Is 3908 a factor of 194141624?
True
Is 12949 a factor of 6126379084?
True
Is 17044480 a multiple of 160?
True
Is 22 a factor of 3957647?
False
Is 30885125 a multiple of 25?
True
Is 41 a factor of 2360403702?
True
Is 387 a factor of 57907197?
True
Is 159874029 a multiple of 63?
True
Is 17 a factor of 16161271?
True
Does 48 divide 746593652?
False
Does 13 divide 429022270?
False
Is 146 a factor of 8472818?
True
Is 33190947 a multiple of 111?
False
Is 1779412224 a multiple of 982?
False
Does 20 divide 30184600?
True
Is 46 a factor of 2414326577?
False
Does 236 divide 7111075?
False
Is 226081232 a multiple of 61?
False
Does 204 divide 1023330658?
False
Is 29 a factor of 198259616?
False
Is 91 a factor of 8884736?
False
Does 20 divide 496924?
False
Is 3707946061 a multiple of 3167?
False
Does 325 divide 47953100?
True
Does 83 divide 2554732115?
True
Does 14 divide 755529181?
False
Is 469 a factor of 835296115?
False
Is 25041179 a multiple of 28?
False
Is 26 a factor of 20849296?
True
Is 1295604187 a multiple of 79?
True
Does 132 divide 1510632?
False
Does 431 divide 15539448?
False
Does 1298 divide 745534856?
True
Is 141954741 a multiple of 83?
False
Is 37595686 a multiple of 136?
False
Is 125 a factor of 5713250?
True
Does 193 divide 81427437?
False
Is 127690128 a multiple of 432?
True
Is 26 a factor of 3309139106?
True
Is 254 a factor of 4151727591?
False
Is 482998140 a multiple of 20?
True
Is 30 a factor of 267410068?
False
Is 20 a factor of 74608392?
False
Is 22 a factor of 782187956?
True
Does 222 divide 11494287?
False
Does 30 divide 4531380?
True
Is 2594593009 a multiple of 12?
False
Does 2086 divide 117257474?
False
Is 203854290 a multiple of 69?
True
Is 3 a factor of 393015?
True
Is 2132 a factor of 82252560?
True
Is 20391580 a multiple of 220?
True
Is 534305318 a multiple of 6?
False
Is 2047 a factor of 29313040?
True
Is 86 a factor of 3271565751?
False
Is 22 a factor of 1482774238?
True
Does 77 divide 5109335?
True
Does 48 divide 10518314?
False
Is 81272 a multiple of 4?
True
Is 167899246 a multiple of 456?
False
Is 9478098 a multiple of 158?
False
Does 571 divide 210640015?
False
Is 79127643 a multiple of 384?
False
Does 581 divide 54233635?
False
Is 213 a factor of 12004467?
True
Is 722527 a multiple of 101?
False
Is 6273409 a multiple of 98?
False
Is 4041204 a multiple of 270?
False
Is 235716307 a multiple of 41?
False
Does 150 divide 14822868?
False
Is 475582312 a multiple of 206?
True
Is 361 a factor of 160385778?
False
Is 71 a factor of 1344473395?
True
Does 277 divide 901409023?
False
Is 1212878 a multiple of 70?
False
Does 8 divide 918699712?
True
Is 2263309065 a multiple of 311?
False
Does 445 divide 23233895?
True
Is 172 a factor of 586622168?
True
Is 3 a factor of 86918576?
False
Is 1360670008 a multiple of 365?
False
Is 3684675391 a multiple of 6?
False
Is 68 a factor of 2018492568?
False
Does 15 divide 413334560?
False
Is 22 a factor of 104313572?
True
Is 41096790 a multiple of 10?
True
Is 91 a factor of 231152012?
True
Is 10 a factor of 2931719?
False
Is 17 a factor of 5595832?
False
Is 266 a factor of 26163228?
True
Does 9 divide 1016982860?
False
Is 22 a factor of 4350800?
False
Does 205 divide 18245820?
True
Is 184 a factor of 114172800?
False
Is 14 a factor of 24922950?
False
Is 11 a factor of 95245127?
False
Is 37 a factor of 46492794?
True
Is 1843 a factor of 47450691?
False
Is 69609042 a multiple of 104?
False
Is 19 a factor of 66921219?
False
Is 3531858 a multiple of 118?
True
Is 1197 a factor of 28456129?
False
Does 4156 divide 41285704?
True
Does 31 divide 239157218?
False
Is 41826156 a multiple of 18?
False
Is 11309265 a multiple of 3?
True
Does 62 divide 28341192?
True
Is 17 a factor of 34142188?
True
Is 135 a factor of 99192?
False
Is 93157639 a multiple of 58?
False
Does 5 divide 5794015?
True
Does 32 divide 43877184?
True
Is 14 a factor of 5266355206?
True
Is 9 a factor of 14553687?
False
Is 20 a factor of 250357480?
True
Does 8992 divide 2480650016?
True
Is 815592320 a multiple of 32?
True
Is 2932 a factor of 459130168?
False
Is 8 a factor of 11247503?
False
Does 41 divide 4367209959?
False
Is 52 a factor of 147186954?
False
Does 1301 divide 1096393535?
False
Is 311180294 a multiple of 31?
True
Does 153 divide 41859882?
True
Is 124 a factor of 1522570314?
False
Does 543 divide 1934444016?
True
Is 658 a factor of 46179756?
True
Is 48 a factor of 33079344?
True
Is 1086521744 a multiple of 3548?
False
Is 4061489352 a multiple of 113?
False
Does 223 divide 233678132?
True
Does 244 divide 2773864110?
False
Is 88 a factor of 204819736?
True
Is 293697738 a multiple of 162?
True
Does 969 divide 29123295?
True
Does 66 divide 32549154?
True
Is 293436705 a multiple of 565?
True
Is 80 a factor of 83937519?
False
Is 5 a factor of 9872551?
False
Is 2562258720 a multiple of 8?
True
Is 4 a factor of 852796?
True
Does 7 divide 409857512?
False
Is 1486956 a multiple of 29?
False
Is 57 a factor of 165677572?
False
Does 490 divide 116478202?
False
Is 661 a factor of 5855769633?
False
Is 219301793 a multiple of 17?
False
Is 4 a factor of 195362738?
False
Is 87 a factor of 4359555384?
True
Is 2 a factor of 5179153?
False
Does 1090 divide 12270018?
False
Is 28 a factor of 2864775?
False
Is 395836175 a multiple of 68?
False
Is 35943787 a multiple of 11?
True
Does 11 divide 147670545?
True
Does 137 divide 48589516?
True
Is 5 a factor of 3319226?
False
Is 3757 a factor of 471983572?
False
Is 90 a factor of 23748118?
False
Is 776860194 a multiple of 7359?
True
Is 31 a factor of 70687612?
False
Does 62 divide 203890782?
True
Is 958785822 a multiple of 2754?
True
Is 46 a factor of 315031515?
False
Is 790949228 a multiple of 26?
False
Does 59 divide 4510255?
True
Does 52 divide 1215856?
False
Is 1546918655 a multiple of 373?
True
Is 5 a factor of 97629350?
True
Is 123200696 a multiple of 4?
True
Is 50 a factor of 388677666?
False
Does 143 divide 329601488?
False
Does 124 d